856. What are the prime factors of f?
2, 3, 739
Suppose -8*l = 20*l - 83132. List the prime factors of l.
2969
Let s = 430 + -52. List the prime factors of s.
2, 3, 7
Let f = 351 - 348. List the prime factors of f.
3
Suppose -34 = -10*y + 6. List the prime factors of (0 + 1)/(3*y/1524).
127
Suppose 0 = -358*p + 346*p + 6864. What are the prime factors of p?
2, 11, 13
Let l be (2/(-4))/((-6)/(-84)). Let y = -4 - l. List the prime factors of (y + 23/2)*4.
2, 29
Let n(p) = 3*p**2 - 3*p - 1. Let x be (-4)/6 + 50/(-15). Let l be n(x). Let m = l + -6. List the prime factors of m.
53
Let c = 25 + -29. List the prime factors of (-4)/((-24)/118) + c/(-12).
2, 5
Let f(a) = 468*a + 172. What are the prime factors of f(5)?
2, 157
Let p be ((-6504)/(-60))/((-2)/(-5)). Suppose 306 = 2*g + y, -4*g + 339 = y - p. What are the prime factors of g?
2, 19
Let a be 116/36 - -2 - (-2)/(-9). Suppose 5*z + 153 = p + z, -747 = -a*p + 2*z. List the prime factors of p.
149
Let i(d) = 863*d - 30. What are the prime factors of i(1)?
7, 17
Suppose 5*d = 2*a + 2*a + 24, 4*a = -2*d + 32. Suppose d*i + 14 = -58. What are the prime factors of (-12)/(i/24*2)?
2
Suppose -c + 1 = -3. Suppose -2*g + 4*t + 210 = -302, -c*g + 1004 = 2*t. What are the prime factors of g?
2, 3, 7
Let l = 13 - 11. Suppose 0*u + z + 120 = l*u, 3*z = 5*u - 300. Suppose -5*i = -i - u. List the prime factors of i.
3, 5
Suppose 55*j - 82747 = 57778. What are the prime factors of j?
5, 7, 73
Suppose r + 0*v - 4*v = 4748, 4727 = r + 3*v. List the prime factors of r.
2, 37
Let z(k) = -1 - 3 + 0 + 5 + 10*k. What are the prime factors of z(8)?
3
Suppose 8*w + 55 - 87 = 0. List the prime factors of w.
2
Suppose -16 = -5*p + 4. Suppose -70 = -6*r - p. List the prime factors of r.
11
Let p(c) = c**3 + c**2 - 1. Let g(v) = 7*v**3 + 12*v**2 - v - 3. Let b(l) = -g(l) + 6*p(l). List the prime factors of b(-7).
3, 13
Suppose 1762 = 15*m - 2753. What are the prime factors of m?
7, 43
Let f = 689 - -3358. What are the prime factors of f?
3, 19, 71
Let u be (-100)/(-8) - 2/4. Let j = u - -13. Suppose 0 = -3*r + 5*d + j, 0 = 2*r - 2*d - 2*d - 18. What are the prime factors of r?
5
Let x(j) = 3*j**3 - 11*j**2 + 34*j - 210. What are the prime factors of x(7)?
2, 7, 37
List the prime factors of (-812)/(36/(-8)*20/45).
2, 7, 29
Suppose -105 = 5*z - 325. What are the prime factors of z?
2, 11
Suppose 0*z + 22*z = 11154. List the prime factors of z.
3, 13
Let f(g) be the third derivative of 19*g**5/60 + g**4/24 - g**3/3 - 18*g**2. What are the prime factors of f(2)?
2, 19
Let i = -9 + 9. List the prime factors of 0 + 1 + (i - -66).
67
Let r(q) = -q**3 - 22*q**2 + 42*q + 1. What are the prime factors of r(-24)?
5, 29
Let d(f) = -f + 10. Let g be d(14). What are the prime factors of (g/(-12))/(((-1)/381)/(-1))?
127
Suppose -2*u + 5 = -7*u. Let v be u*((-46)/2 - 0). Suppose 2*h - v = -3*s, 3*s = -5*h - 0*h + 35. What are the prime factors of h?
2
Suppose 0*k = -3*k - 15. Let g = k - -9. Let n(t) = t**2 - 4*t + 4. List the prime factors of n(g).
2
Suppose 21*y - 17*y = 108. Let t = y - -12. List the prime factors of t.
3, 13
Suppose 2*u + 13 + 27 = -2*m, u = -4*m - 77. Let r = m - -6. Let v = r + 28. List the prime factors of v.
3, 5
Let l(z) = 5*z. Let a(s) = s - 9. Let k be a(-9). Let h = -11 - k. What are the prime factors of l(h)?
5, 7
Let f(c) = 4*c + 6. Let m be f(0). Suppose 0 = 5*o - m*o + 8. List the prime factors of o.
2
Let h(d) = 2*d**3 - 6*d**2 + 9*d - 4. List the prime factors of h(6).
2, 7, 19
Let m be (-27)/(-4) + 2/8. Let r(o) = -8*o + 2. Let g be r(-6). Suppose -m*c + 8*c - g = 0. List the prime factors of c.
2, 5
What are the prime factors of 7*(-18)/(-14)*453?
3, 151
What are the prime factors of -25 + 745 + 8/(-1)?
2, 89
Let x(b) = 54*b + 127. What are the prime factors of x(9)?
613
Let t(r) = -7*r - 10. Let u be (12/8)/((-4)/24). What are the prime factors of t(u)?
53
Suppose -214 = -362*p + 361*p. What are the prime factors of p?
2, 107
Let h(z) = -3*z + 13. Let n be h(9). Let v = 14 + n. What are the prime factors of 33 + 4 + (v - 3)?
2, 17
Let i(t) = 48*t**2 + 4*t - 4. Suppose 8*k - 4 = 6*k. What are the prime factors of i(k)?
2, 7
Suppose 11*g = 19 + 3. Suppose g*d - 1280 = -2*d. What are the prime factors of d?
2, 5
Let p be 17 + (-2 - 3 - -3). Suppose p*u - 19*u = 44. Let a(y) = y + 31. What are the prime factors of a(u)?
2, 5
Let v(z) = 29 - 11*z + 7*z + 0*z + 2*z. List the prime factors of v(-8).
3, 5
Suppose 869*v - 877*v + 21416 = 0. List the prime factors of v.
2677
Suppose -3*b - 13 + 49 = 0. Suppose 2*y = -b + 60. What are the prime factors of y?
2, 3
Let n(w) = -3773*w**3 + 2*w**2 + 6*w + 5. What are the prime factors of n(-1)?
2, 3, 17, 37
Let i(x) be the third derivative of -x**4/24 + 14*x**3/3 + 6*x**2. What are the prime factors of i(13)?
3, 5
Suppose -3 = -2*h + h + w, 3*w - 12 = -4*h. Let z = -42 - -42. Suppose -i + h*n - 2 = z, -5*i + 0*i + 2*n + 42 = 0. List the prime factors of i.
2, 5
Let n(k) be the third derivative of k**4/24 + 8*k**3/3 + 17*k**2. What are the prime factors of n(-8)?
2
Let v(d) be the first derivative of d**4/4 + 13*d**3/3 - 3*d**2/2 - 16*d + 10. List the prime factors of v(-13).
23
Suppose -j - 5*y + 7 = 24, 0 = 2*j + 3*y - 1. Suppose j + 7 = c. Let l = 33 - c. List the prime factors of l.
2, 3
Let i = -28 - -47. Let f = 11 + i. Let d = f + -4. What are the prime factors of d?
2, 13
Let f(y) be the second derivative of 4*y**3 - 17*y**2/2 - 10*y. Let m be f(8). List the prime factors of (0 - 1) + m/7.
2, 3
Let f(x) = x**2 - 3*x + 7. Let b be f(0). What are the prime factors of (-76)/(b/((-105)/6))?
2, 5, 19
Let x be 908/16 + (-2)/(-8). Suppose x = 9*j - 6*j. What are the prime factors of j?
19
Let a(m) = m**2 + m - 4. Let u be a(-4). Suppose 2*d - u = 8. What are the prime factors of 2/d - (-91)/4?
23
Suppose 0 = -2*y + 5 + 3. Suppose -3*i + 15 = 2*c - 10, -4*i = -y*c. Suppose c*v = v + 28. List the prime factors of v.
7
Suppose -2*r = -73 + 69. Suppose -5*w = -r*g - 484, 0*w - w - 4*g + 88 = 0. What are the prime factors of w?
2, 3
Let t(w) = w - 6. Let c be t(9). Suppose 4*k + 2*j - 24 = c*k, -76 = -4*k + 2*j. Suppose k = -2*b + 6*b. What are the prime factors of b?
5
Let o = 7574 + -4285. What are the prime factors of o?
11, 13, 23
List the prime factors of (-22832)/(-6) - 67/201.
5, 761
Suppose 0 = 3*c + 2*h - 2, 0 = 4*c - 4*h + 6 - 22. Suppose 6 = -8*o + c*o. What are the prime factors of (2 - o)/(1/15)?
3, 5
Let h = -208 + 403. List the prime factors of h.
3, 5, 13
What are the prime factors of (-2)/((-22)/(-891)*3/(-2))?
2, 3
Suppose -5*g + 3*r - 4*r + 310 = 0, -5*g + 310 = 4*r. Suppose -p - 3*z + 303 = 2*p, -2*p - 4*z = -196. Let d = p - g. List the prime factors of d.
2, 3, 7
Suppose -4*u + 1000 = 4*c, 21*c + 2*u - 249 = 20*c. What are the prime factors of c?
251
Suppose 4*l - 4*w = -l + 594, -l - w + 117 = 0. Suppose 0 = y + 3*h - 190, -3*y + 3*h + 35 = -487. Let b = y - l. What are the prime factors of b?
2, 3, 5
Let q be (4/8)/((-1)/(-140)). Let w = q + -18. List the prime factors of w.
2, 13
Let w(t) = -113 + 13*t + t + 120. Let u be w(5). Suppose 0*h - 3*h = 3*f - 153, 3*f + u = 2*h. What are the prime factors of h?
2, 23
Let d be (-36)/(-6)*25 - (-1 + 2). Let g = d - 79. List the prime factors of g.
2, 5, 7
Suppose -4*a + 7*a - 9 = 0. Let d(q) = -q**2 + 5*q - 4. Let i be d(a). Suppose -i*p + 1 + 15 = 0. What are the prime factors of p?
2
Let s = 306 - 165. Let t = 185 - s. List the prime factors of t.
2, 11
Let x(s) = -5*s - 7. Suppose 5*l = -5*r - 5, 0*r + 2*r = 2*l + 18. Let y be x(r). Let v = -16 - y. What are the prime factors of v?
11
Suppose 0 = 5*p - 6*p + 262. Suppose -2*k - 2*o + p = 0, k - 135 = -0*o - 3*o. List the prime factors of k.
3, 43
Let s(a) = -37*a - 20. What are the prime factors of s(-7)?
239
Let o(l) = -l + 7. Let i be o(5). Suppose -2*g - 8 = -i*w + 4, -15 = -4*w - 5*g. Suppose 24 = w*v - v. List the prime factors of v.
2, 3
Let d(y) = y**3 - y + 1. Let a be d(2). Let n(c) = 11*c + 11. Let r be n(a). Suppose -3*g - g = -r. What are the prime factors of g?
2, 11
Let d = 59 - 51. Suppose r - d*r = -70. List the prime factors of r.
2, 5
Let m be (-2989)/(-28) + (-1)/(-4). Suppose o - m = 154. List the prime factors of o.
3, 29
Le